2*g. Is g composite?
True
Let m(l) = 37*l**2 + 14*l - 13. Let q be m(1). Suppose -q*d = -35*d - 16797. Is d prime?
False
Is 80701/1 - (15 + (-27 - -12)) a prime number?
True
Let u = 12503 - 62837. Let j = -20125 - u. Is j composite?
True
Suppose -10*p - 91 = -23*p. Suppose 0 = -4*u - 4*a + p*a + 24, 0 = -u + 3*a - 3. Suppose u*c - c = 41384. Is c a composite number?
True
Let t(l) = -16*l**3 - 23*l**2 - 66*l - 89. Is t(-18) a prime number?
True
Let m be 2/(1/((-87)/(-2))). Suppose 80*y - m*y + 70049 = 0. Is y composite?
False
Let h(c) = -1066*c - 555. Is h(-68) a prime number?
True
Let m = 1318531 + -318678. Is m composite?
False
Suppose 0 = 2*q + 4*t + 41216, q - 82404 = 5*q + t. Let v = 38265 + q. Is v prime?
False
Let c be 2 + (-1705)/(-5)*-1. Let r = c - -990. Suppose -o + 0*i = 4*i - r, 5*i = -3*o + 1925. Is o a composite number?
True
Let b(h) be the second derivative of h**7/280 + h**6/360 - h**5/40 + 5*h**4/6 - 24*h. Let p(f) be the third derivative of b(f). Is p(8) composite?
True
Let r(b) = -9*b**2 - b + 1. Let f be r(2). Let k be 4/90*9 - (-51)/(-15). Is (1947/2)/k*(-39 - f) prime?
False
Suppose 0 = -4*g - 16, 3*y - 13*y - g = -5038086. Is y prime?
False
Let d(o) = 631*o - 361. Is d(32) prime?
False
Suppose 18*n + 1386892 = 35*n + 35*n. Is n a composite number?
True
Suppose 0 = -49*x - 97*x - 53*x + 40804751. Is x a prime number?
False
Is (12/(-9)*(-88563)/(-848))/((-1)/7724) composite?
True
Let v = 147818 + -102727. Is v a composite number?
True
Suppose 4*z - j = 2698589, -5*j - 3337779 = -7*z + 1384755. Is z composite?
False
Let k = 2397 - -208. Suppose -382*m - 20960 = -374*m. Is (-3)/(m/k - -1) prime?
True
Suppose 0 = -2*p + q + 4*q + 129, 0 = p + 4*q - 45. Let j = p - 24. Let f = j - 10. Is f a composite number?
False
Suppose -43*h + 2*k - 713483 = -48*h, 4*h = 3*k + 570791. Is h prime?
True
Suppose 114*n = 109*n - 3030. Let p = n + 1795. Is p a prime number?
False
Let p(y) = 6*y**3 - 10*y**2 + y - 4. Let w be 111/21 - (3 - 57/21). Let j(o) = -5*o**3 + 9*o**2 - o + 3. Let a(n) = w*j(n) + 4*p(n). Is a(4) a prime number?
True
Let s(l) be the first derivative of 93*l**2 + 37*l + 8. Let v(c) = -c**3 - 6*c**2 + 15*c - 3. Let i be v(-8). Is s(i) a prime number?
True
Let c = -58982 + 85741. Is c a prime number?
True
Let m = 577 - 542. Suppose -384 = -m*r + 911. Is r a composite number?
False
Let w(s) = s**2 + 12*s - 26. Let f be w(-14). Let l be (6*298 - f) + (1 - 0). Let n = l + -144. Is n composite?
True
Suppose -240 = -8*r + 28*r. Is (-3371)/(4*3/r) a prime number?
True
Let l be ((-34)/(-8))/((-37)/100788). Is (-2)/((-6)/l*-1) prime?
False
Let u(n) = 23*n**2 - n + 6. Suppose 3*m - 2*m = 3*z + 18, 0 = -2*m + 4*z + 26. Let o be u(m). Suppose 0 = 4*j - o - 2722. Is j a prime number?
True
Let g be (128 - 2)/1 - -5. Suppose 2*k + 148 = y + 3*y, k = -3*y - 84. Let v = k + g. Is v a composite number?
False
Let h(x) be the second derivative of x**4/12 + 37*x**3/6 - 37*x**2/2 - 7*x. Let o be h(-22). Let p = 836 + o. Is p prime?
False
Suppose -3*t + v + 5447 = -43604, t = 4*v + 16365. Is t composite?
False
Let w = 33 + 50. Let o = w + -49. Suppose 1028 = 6*i - o. Is i prime?
False
Suppose f - 4*g = 2515, 9 = -3*g - 0*g. Suppose 9832 = r - f. Is r prime?
False
Let l be (4/6*1)/((-8)/12). Let g(p) be the third derivative of 41*p**5/20 + p**4/4 + p**3/3 + 73*p**2. Is g(l) composite?
True
Let g(r) = r**3 - 8*r**2 - 23*r + 59. Let l be g(10). Is 2 + 17164 + (22 - l) a prime number?
True
Let f = 38569 - -78010. Is f composite?
False
Let o = 83 + -81. Suppose -q = o*j - 1322, -4*j + 5292 = 4*q - 0*j. Suppose 0 = -13*l + 9*l + q. Is l prime?
True
Let y(p) = 831*p - 286. Let c(d) = 18*d - 105. Let u be c(7). Is y(u) a prime number?
False
Suppose 3192943 = 62*d - 208935. Is d a prime number?
True
Suppose -5*r - 4959 = 3*k, 0 = 5*k + 2*r - r + 8265. Let b = 283 + k. Let s = b + 2209. Is s composite?
False
Suppose -v = 2*f + 2*f - 134, 64 = 2*f + 2*v. Let q = f - 26. Suppose -3*i - 2065 = -q*i. Is i prime?
False
Let d = -47978 - -83179. Is d prime?
True
Suppose -22*o + 2*o = -7520. Suppose o*q + 5127 = 379*q. Is q a prime number?
True
Let s = -15 - -10. Let f be 3710/((0 - s) + -6). Let c = f + 7143. Is c a composite number?
False
Let x = 41579 + -87841. Let d = x - -81325. Is d a prime number?
False
Suppose -115*r + 7176937 = -12*r. Is r a composite number?
True
Let m be (6/3)/(-1 - (2 + -4)). Suppose -p + 15 = 5*t + 4*p, 14 = 3*t - m*p. Suppose 5 = t*s - 7. Is s a prime number?
True
Suppose 5*t = l - 217 + 893, 0 = t + 3*l - 148. Suppose -62*w = -64*w + 70. Suppose t = -31*m + w*m. Is m composite?
True
Let r(u) = 2*u**3 + 6*u - 3. Let v(l) = -l**2 + 2. Let n be v(-3). Let c be 4/((3 + n)/(-4)). Is r(c) composite?
False
Let m(n) = 14*n**3 - 5*n**2 - n. Let g be m(4). Suppose 0 = -74*s - 2547 - 857. Let d = s + g. Is d a composite number?
True
Let l = 4 - -1. Suppose 44 = -650*i + 668*i - 46. Suppose s = l*v + 112, v - i*v = -s + 115. Is s a prime number?
True
Let q(m) = 2559*m**3 + 2*m - 1. Let z be q(1). Is (-335)/(-201)*(-1 + z) prime?
False
Let k(b) = -23*b + 132. Let n be k(6). Let s(c) = 41*c**2 - 14*c - 19. Is s(n) prime?
False
Let o(n) = 5*n**3 - 41*n**2 - 14*n + 97. Let m(q) = -4*q**3 + 41*q**2 + 14*q - 96. Let v(i) = -3*m(i) - 2*o(i). Is v(29) composite?
True
Let n(s) = 33 + 29 - 61 - 18088*s. Is n(-1) prime?
True
Let t(j) be the second derivative of -122*j**3/3 + 151*j**2/2 + 36*j. Is t(-12) a composite number?
False
Let g(t) = t + 1161. Let o be g(0). Suppose -16*i + 7*i = 46*i. Suppose i*l = 3*l + 4*s - o, -3*s = 2*l - 773. Is l composite?
True
Is 30/(-2) - 1593056/(-16) a prime number?
True
Suppose 11*l - 17*l + 24 = 0. Suppose l*n - 24 = -4*n. Suppose n*m + 4*s - 935 = 0, -716 = -2*m + 2*s - 74. Is m composite?
False
Let o(v) = 16*v**2 - 11*v - 19. Let p be o(9). Suppose -m = 3*h - 593, -6*h = -2*m - 8*h + p. Is m a composite number?
False
Suppose -120*v + 260294 = -57*v - 61*v. Is v composite?
False
Suppose -2*v = -4*o - 40050 + 12394, o + 55319 = 4*v. Suppose -7*h + 3691 = -v. Is h a composite number?
False
Is (-36)/63*-138733 + 3 a composite number?
False
Suppose 240*d - 231*d = -104022. Let j = d + 16411. Is j composite?
True
Suppose 56*g - 12 = 60*g, -3*g + 252024 = 3*i. Is i a prime number?
True
Is (-50921)/((-5)/10*(-2 - -4)) a prime number?
False
Let r = 3032 + -4247. Let u = r - -3266. Is u composite?
True
Let p(g) = -5*g**3 + 2*g**2 - g + 3. Let a(q) = -q + 7. Let m be a(5). Let o be p(m). Let h = 84 + o. Is h prime?
True
Let w be ((-1)/2)/((9 - 3)/(-96)). Suppose -2610 = w*n - 26*n. Is n a composite number?
True
Let b(r) = -15*r**2 + 21. Let p(x) = -14*x**2 - x + 21. Let s(u) = 2*b(u) - 3*p(u). Let f be s(-10). Let t = 2236 - f. Is t composite?
False
Suppose 0 = 3*l - 3*z - 1876572, -32*z + 2502075 = 4*l - 33*z. Is l a composite number?
False
Suppose 913*n - 2253594 = 871*n. Is n composite?
False
Let o(m) = -13*m - 25. Let v be o(7). Let d = 112 + v. Let n(h) = -1692*h + 19. Is n(d) composite?
True
Suppose -3*p - 1023073 = -7*p - 3*r, 5*p - 4*r - 1278818 = 0. Is (p/(-84))/((-1)/6 + 0) prime?
True
Let v(q) = 399*q**2 - 2*q. Let x be v(-3). Suppose -27832 = -5*y + 4*p, 3*y - 5*p - 28144 = -11437. Let w = y - x. Is w prime?
False
Let r = 135 - 130. Suppose 3*z - 30380 = -r*k, -15236 - 2978 = -3*k + z. Is k prime?
True
Let d = -40 - -41. Let q be (-2)/4*d/((-2)/16). Suppose -f = -q*f - 3*w + 99, -3*f + 95 = 4*w. Is f a composite number?
False
Is 1*3*6982370/618 prime?
False
Let v(c) = 1494*c**2 + c + 29. Is v(8) composite?
True
Suppose -76814 = 5*o - 3*u, -u = -2*o - 4*u - 30734. Let x = o - -25317. Is x a composite number?
True
Let s be 31/5 + 95/25 + -3. Suppose -s*l + 8*l = 3. Suppose 3 = c + 4*j + 15, -j - 16 = -l*c. Is c a composite number?
True
Let o = 10664 + 11957. Suppose -2*j = -3*g + 5951 + 16674, 3*g - 4*j - o = 0. Is g a prime number?
False
Suppose 1003*g - 417328 = 987*g. Is g prime?
True
Let s(n) = 12894*n**2 + 68*n + 343. Is s(-6) a prime number?
True
Let r be (-2)/(9 + -5 + 0)*-4. Suppose 4*f - j - 2935 = f, -r*f - 3*j = -1942. Is f prime?
True
Is 8 + -17 + (1 - 20/4 - -169746) a composite number?
False
Let z = 35 - 25. Let u be (70404/30 - 10)/(1/5 - 0). Suppose -14*i = -z*i - u. Is i prime?
False
Is 91767795/1